ided by 33?
17
What is the remainder when 231 is divided by 74?
9
Calculate the remainder when 302 is divided by 300.
2
What is the remainder when 584 is divided by 186?
26
Calculate the remainder when 9743 is divided by 295.
8
Calculate the remainder when 3099 is divided by 348.
315
What is the remainder when 156 is divided by 41?
33
What is the remainder when 375 is divided by 9?
6
What is the remainder when 56 is divided by 17?
5
Calculate the remainder when 5053 is divided by 46.
39
Calculate the remainder when 80 is divided by 13.
2
Calculate the remainder when 30 is divided by 5.
0
Calculate the remainder when 112 is divided by 54.
4
What is the remainder when 204 is divided by 58?
30
What is the remainder when 252 is divided by 22?
10
Calculate the remainder when 51 is divided by 27.
24
Calculate the remainder when 378 is divided by 95.
93
What is the remainder when 2721 is divided by 303?
297
What is the remainder when 154 is divided by 25?
4
Calculate the remainder when 330 is divided by 37.
34
What is the remainder when 838 is divided by 56?
54
What is the remainder when 1323 is divided by 17?
14
Calculate the remainder when 239 is divided by 5.
4
What is the remainder when 305 is divided by 51?
50
Calculate the remainder when 8397 is divided by 2795.
12
Calculate the remainder when 306 is divided by 47.
24
What is the remainder when 75 is divided by 21?
12
What is the remainder when 273 is divided by 25?
23
What is the remainder when 330 is divided by 85?
75
What is the remainder when 359 is divided by 60?
59
What is the remainder when 1301 is divided by 427?
20
Calculate the remainder when 129 is divided by 65.
64
Calculate the remainder when 59 is divided by 5.
4
What is the remainder when 255 is divided by 3?
0
Calculate the remainder when 17 is divided by 9.
8
What is the remainder when 648 is divided by 112?
88
What is the remainder when 843 is divided by 71?
62
What is the remainder when 10019 is divided by 556?
11
What is the remainder when 979 is divided by 28?
27
Calculate the remainder when 295 is divided by 240.
55
What is the remainder when 1592 is divided by 55?
52
Calculate the remainder when 329 is divided by 163.
3
What is the remainder when 457 is divided by 10?
7
What is the remainder when 621 is divided by 88?
5
What is the remainder when 886 is divided by 19?
12
What is the remainder when 1044 is divided by 95?
94
Calculate the remainder when 83 is divided by 28.
27
What is the remainder when 14 is divided by 6?
2
Calculate the remainder when 391 is divided by 12.
7
What is the remainder when 123 is divided by 51?
21
What is the remainder when 7437 is divided by 20?
17
What is the remainder when 173 is divided by 7?
5
Calculate the remainder when 1051 is divided by 31.
28
What is the remainder when 146 is divided by 19?
13
What is the remainder when 1280 is divided by 7?
6
What is the remainder when 163 is divided by 15?
13
What is the remainder when 1799 is divided by 90?
89
What is the remainder when 262 is divided by 32?
6
What is the remainder when 853 is divided by 20?
13
What is the remainder when 175 is divided by 46?
37
Calculate the remainder when 1197 is divided by 213.
132
Calculate the remainder when 80 is divided by 49.
31
Calculate the remainder when 249 is divided by 122.
5
What is the remainder when 3507 is divided by 10?
7
Calculate the remainder when 169 is divided by 43.
40
What is the remainder when 1733 is divided by 51?
50
What is the remainder when 265 is divided by 19?
18
What is the remainder when 485 is divided by 161?
2
Calculate the remainder when 237 is divided by 20.
17
Calculate the remainder when 247 is divided by 54.
31
Calculate the remainder when 183 is divided by 37.
35
What is the remainder when 1883 is divided by 12?
11
Calculate the remainder when 61 is divided by 13.
9
Calculate the remainder when 98 is divided by 11.
10
Calculate the remainder when 1379 is divided by 144.
83
Calculate the remainder when 285 is divided by 13.
12
Calculate the remainder when 1195 is divided by 19.
17
Calculate the remainder when 927 is divided by 26.
17
Calculate the remainder when 247 is divided by 133.
114
What is the remainder when 274 is divided by 78?
40
Calculate the remainder when 94 is divided by 19.
18
What is the remainder when 328 is divided by 7?
6
Calculate the remainder when 857 is divided by 28.
17
What is the remainder when 2450 is divided by 11?
8
What is the remainder when 1785 is divided by 225?
210
Calculate the remainder when 2260 is divided by 19.
18
What is the remainder when 108 is divided by 65?
43
Calculate the remainder when 878 is divided by 223.
209
What is the remainder when 1725 is divided by 72?
69
What is the remainder when 2845 is divided by 39?
37
Calculate the remainder when 293 is divided by 20.
13
What is the remainder when 234 is divided by 17?
13
What is the remainder when 1192 is divided by 46?
42
Calculate the remainder when 433 is divided by 141.
10
What is the remainder when 3190 is divided by 200?
190
Calculate the remainder when 2539 is divided by 20.
19
Calculate the remainder when 76 is divided by 7.
6
Calculate the remainder when 39 is divided by 38.
1
What is the remainder when 383 is divided by 23?
15
Calculate the remainder when 461 is divided by 120.
101
What is the remainder when 1590 is divided by 202?
176
What is the remainder when 1070 is divided by 22?
14
What is the remainder when 897 is divided by 60?
57
What is the remainder when 155 is divided by 53?
49
What is the remainder when 570 is divided by 143?
141
What is the remainder when 1067 is divided by 334?
65
Calculate the remainder when 423 is divided by 355.
68
Calculate the remainder when 4068 is divided by 23.
20
What is the remainder when 6320 is divided by 93?
89
What is the remainder when 81 is divided by 22?
15
What is the remainder when 608 is divided by 16?
0
Calculate the remainder when 112 is divided by 19.
17
What is the remainder when 239 is divided by 84?
71
What is the remainder when 175 is divided by 72?
31
Calculate the remainder when 180 is divided by 8.
4
What is the remainder when 131 is divided by 41?
8
What is the remainder when 25022 is divided by 455?
452
Calculate the remainder when 1931 is divided by 27.
14
Calculate the remainder when 534 is divided by 34.
24
What is the remainder when 142 is divided by 79?
63
Calculate the remainder when 10 is divided by 2.
0
Calculate the remainder when 625 is divided by 38.
17
What is the remainder when 1051 is divided by 1038?
13
What is the remainder when 2942 is divided by 92?
90
Calculate the remainder when 387 is divided by 46.
19
Calculate the remainder when 95 is divided by 90.
5
What is the remainder when 1302 is divided by 163?
161
Calculate the remainder when 14076 is divided by 40.
36
What is the remainder when 128 is divided by 22?
18
What is the remainder when 3733 is divided by 68?
61
Calculate the remainder when 448 is divided by 427.
21
What is the remainder when 1206 is divided by 447?
312
What is the remainder when 121 is divided by 35?
16
Calculate the remainder when 8498 is divided by 100.
98
Calculate the remainder when 118 is divided by 31.
25
Calculate the remainder when 38 is divided by 10.
8
What is the remainder when 269 is divided by 45?
44
Calculate the remainder when 9848 is divided by 50.
48
What is the remainder when 735 is divided by 24?
15
Calculate the remainder when 307 is divided by 15.
7
Calculate the remainder when 1797 is divided by 897.
3
What is the remainder when 24 is divided by 11?
2
What is the remainder when 189 is divided by 24?
21
What is the remainder when 29 is divided by 12?
5
Calculate the remainder when 2939 is divided by 109.
105
What is the remainder when 26 is divided by 13?
0
What is the remainder when 947 is divided by 121?
100
Calculate the remainder when 676 is divided by 187.
115
Calculate the remainder when 207 is divided by 14.
11
What is the remainder when 1150 is divided by 17?
11
What is the remainder when 383 is divided by 129?
125
Calculate the remainder when 224 is divided by 27.
8
What is the remainder when 1408 is divided by 30?
28
What is the remainder when 1617 is divided by 20?
17
What is the remainder when 359 is divided by 30?
29
What is